{"id":17,"date":"2025-04-08T15:25:07","date_gmt":"2025-04-08T13:25:07","guid":{"rendered":"https:\/\/la-halle-des-iris.cnita.fr\/?page_id=17"},"modified":"2025-04-14T16:01:53","modified_gmt":"2025-04-14T14:01:53","slug":"17-2","status":"publish","type":"page","link":"https:\/\/la-halle-des-iris.cnita.fr\/","title":{"rendered":""},"content":{"rendered":"\n<div class=\"wp-block-cover alignfull\" style=\"min-height:76vh;aspect-ratio:unset;\"><span aria-hidden=\"true\" class=\"wp-block-cover__background has-black-background-color has-background-dim-30 has-background-dim\"><\/span><img loading=\"lazy\" decoding=\"async\" width=\"2560\" height=\"1339\" class=\"wp-block-cover__image-background wp-image-26\" alt=\"\" src=\"https:\/\/la-halle-des-iris.cnita.fr\/wp-content\/uploads\/2025\/04\/IMG_20240621_085532-2-scaled.jpg\" style=\"object-position:40% 35%\" data-object-fit=\"cover\" data-object-position=\"40% 35%\" srcset=\"https:\/\/la-halle-des-iris.cnita.fr\/wp-content\/uploads\/2025\/04\/IMG_20240621_085532-2-scaled.jpg 2560w, https:\/\/la-halle-des-iris.cnita.fr\/wp-content\/uploads\/2025\/04\/IMG_20240621_085532-2-300x157.jpg 300w, https:\/\/la-halle-des-iris.cnita.fr\/wp-content\/uploads\/2025\/04\/IMG_20240621_085532-2-1024x536.jpg 1024w, https:\/\/la-halle-des-iris.cnita.fr\/wp-content\/uploads\/2025\/04\/IMG_20240621_085532-2-768x402.jpg 768w, https:\/\/la-halle-des-iris.cnita.fr\/wp-content\/uploads\/2025\/04\/IMG_20240621_085532-2-1536x803.jpg 1536w, https:\/\/la-halle-des-iris.cnita.fr\/wp-content\/uploads\/2025\/04\/IMG_20240621_085532-2-2048x1071.jpg 2048w\" sizes=\"auto, (max-width: 2560px) 100vw, 2560px\" \/><div class=\"wp-block-cover__inner-container has-global-padding is-layout-constrained wp-block-cover-is-layout-constrained\">\n<div style=\"height:70px\" aria-hidden=\"true\" class=\"wp-block-spacer\"><\/div>\n\n\n\n<h1 class=\"wp-block-heading has-text-align-center has-text-color\" style=\"color:#ffffff;margin-top:0px;margin-bottom:32px;font-size:clamp(39.538px, 2.471rem + ((1vw - 3.2px) * 3.916), 74px);font-style:normal;font-weight:400;line-height:0.8\">LA HALLE DES IRIS<\/h1>\n\n\n\n<p class=\"has-text-align-center has-text-color\" style=\"color:#f8bd0b;margin-bottom:2rem;font-size:clamp(16.834px, 1.052rem + ((1vw - 3.2px) * 1.042), 26px);\"><strong>Un projet associatif d\u00e9di\u00e9 au bien-\u00eatre et au bien vivre dans l&rsquo;ancienne piscine Iris du quartier de la Villeneuve de Grenoble<\/strong><\/p>\n\n\n\n<div class=\"wp-block-buttons is-content-justification-center is-layout-flex wp-container-core-buttons-is-layout-a89b3969 wp-block-buttons-is-layout-flex\">\n<div class=\"wp-block-button has-custom-font-size\" style=\"font-size:14px;line-height:1\"><a class=\"wp-block-button__link has-text-color has-background wp-element-button\" style=\"border-width:1px;color:#025b20;background-color:#ffd436;padding-top:17px;padding-right:40px;padding-bottom:17px;padding-left:40px\"><strong>Notre Histoire<\/strong><\/a><\/div>\n\n\n\n<div class=\"wp-block-button has-custom-font-size\" style=\"font-size:14px;line-height:1\"><a class=\"wp-block-button__link has-text-color has-background wp-element-button\" style=\"border-width:1px;color:#025b20;background-color:#ffd835;padding-top:17px;padding-right:40px;padding-bottom:17px;padding-left:40px\"><strong>Nous contacter<\/strong><\/a><\/div>\n<\/div>\n<\/div><\/div>\n\n\n\n<section class=\"wp-block-group alignfull has-text-color has-background has-global-padding is-layout-constrained wp-container-core-group-is-layout-8316193d wp-block-group-is-layout-constrained\" style=\"color:#252525;background-color:#f5eae2;margin-top:0px;padding-top:3.51rem;padding-right:1rem;padding-bottom:5.5rem;padding-left:1rem;font-size:clamp(0.875rem, 0.875rem + ((1vw - 0.2rem) * 0.464), 1.13rem);font-style:normal;font-weight:400;line-height:1.4\">\n<div class=\"wp-block-group has-global-padding is-layout-constrained wp-container-core-group-is-layout-1c2ac5aa wp-block-group-is-layout-constrained\">\n<div class=\"wp-block-columns is-layout-flex wp-container-core-columns-is-layout-c977df54 wp-block-columns-is-layout-flex\" style=\"margin-bottom:3.01rem;padding-left:1rem\">\n<div class=\"wp-block-column has-global-padding is-content-justification-left is-layout-constrained wp-container-core-column-is-layout-12dd3699 wp-block-column-is-layout-constrained\">\n<div class=\"wp-block-group has-global-padding is-content-justification-left is-layout-constrained wp-container-core-group-is-layout-7526a028 wp-block-group-is-layout-constrained\">\n<h2 class=\"wp-block-heading has-text-align-left has-text-color\" style=\"color:#393939;margin-top:2.01rem;margin-bottom:0rem;font-size:clamp(1.556rem, 1.556rem + ((1vw - 0.2rem) * 1.916), 2.61rem);font-style:normal;font-weight:600;line-height:1.3\">Nos activit\u00e9s<\/h2>\n<\/div>\n<\/div>\n\n\n\n<div class=\"wp-block-column has-global-padding is-content-justification-left is-layout-constrained wp-container-core-column-is-layout-74cbbf86 wp-block-column-is-layout-constrained\" style=\"flex-basis:60%\">\n<div class=\"wp-block-group has-global-padding is-content-justification-left is-layout-constrained wp-container-core-group-is-layout-293c03a7 wp-block-group-is-layout-constrained\" style=\"padding-top:3.01rem;padding-right:10%\">\n<p class=\"has-text-align-left has-text-color\" style=\"color:#252525;margin-top:0px;margin-bottom:0rem;font-size:clamp(0.875rem, 0.875rem + ((1vw - 0.2rem) * 0.064), 0.91rem);font-style:normal;font-weight:600;line-height:1.5\">Chaque mardi, les b\u00e9n\u00e9voles r\u00e9guliers de l&rsquo;association se r\u00e9unissent pour \u00e9changer sur le programme et organiser les actions. Rejoignez-nous !<\/p>\n<\/div>\n<\/div>\n<\/div>\n\n\n\n<div class=\"wp-block-columns is-layout-flex wp-container-core-columns-is-layout-a535e673 wp-block-columns-is-layout-flex\" style=\"margin-bottom:0px\">\n<div class=\"wp-block-column has-global-padding is-layout-constrained wp-container-core-column-is-layout-9118c6b6 wp-block-column-is-layout-constrained\" style=\"padding-top:0px;padding-bottom:0px;padding-left:0rem\">\n<div class=\"wp-block-group has-text-color has-background is-vertical is-content-justification-center is-layout-flex wp-container-core-group-is-layout-e18aa4d6 wp-block-group-is-layout-flex\" style=\"color:#fffffd;background-color:#fffffd;padding-top:0px;padding-right:0px;padding-bottom:0px;padding-left:0px\">\n<figure class=\"wp-block-image size-full is-resized\"><img loading=\"lazy\" decoding=\"async\" width=\"1920\" height=\"2560\" src=\"https:\/\/la-halle-des-iris.cnita.fr\/wp-content\/uploads\/2025\/04\/IMG_20240811_090356-scaled.jpg\" alt=\"\" class=\"wp-image-28\" style=\"width:275px;height:auto\" srcset=\"https:\/\/la-halle-des-iris.cnita.fr\/wp-content\/uploads\/2025\/04\/IMG_20240811_090356-scaled.jpg 1920w, https:\/\/la-halle-des-iris.cnita.fr\/wp-content\/uploads\/2025\/04\/IMG_20240811_090356-225x300.jpg 225w, https:\/\/la-halle-des-iris.cnita.fr\/wp-content\/uploads\/2025\/04\/IMG_20240811_090356-768x1024.jpg 768w, https:\/\/la-halle-des-iris.cnita.fr\/wp-content\/uploads\/2025\/04\/IMG_20240811_090356-1152x1536.jpg 1152w, https:\/\/la-halle-des-iris.cnita.fr\/wp-content\/uploads\/2025\/04\/IMG_20240811_090356-1536x2048.jpg 1536w\" sizes=\"auto, (max-width: 1920px) 100vw, 1920px\" \/><\/figure>\n\n\n\n<div class=\"wp-block-group has-global-padding is-layout-constrained wp-container-core-group-is-layout-65d5fd96 wp-block-group-is-layout-constrained\" style=\"padding-top:2.01rem;padding-right:2.01rem;padding-bottom:2.51rem;padding-left:2.01rem\">\n<h3 class=\"wp-block-heading has-text-color\" style=\"color:#393939;font-size:clamp(0.984rem, 0.984rem + ((1vw - 0.2rem) * 0.938), 1.5rem);font-style:normal;font-weight:500\">Un jardin d&rsquo;aromatiques<\/h3>\n\n\n\n<p class=\"has-text-color\" style=\"color:#252525;margin-top:1.01rem;font-size:clamp(0.875rem, 0.875rem + ((1vw - 0.2rem) * 0.045), 0.9rem);font-style:normal;font-weight:500\">Un jardin de 100 m2 a \u00e9t\u00e9 am\u00e9nag\u00e9 dans l&rsquo;ancien solarium de la piscine Iris. Il est cultiv\u00e9 par les membres de l&rsquo;association qui ouvre l&rsquo;activit\u00e9 aux volontaires. La production alimente la confection de tisanes. Jardin et tisanerie caract\u00e9risent l&rsquo;activit\u00e9 permanente.<\/p>\n\n\n\n<div class=\"wp-block-group is-vertical is-content-justification-stretch is-layout-flex wp-container-core-group-is-layout-08c12fc4 wp-block-group-is-layout-flex\" style=\"margin-top:1.51rem;padding-right:0px;padding-left:0px\">\n<div class=\"wp-block-group has-global-padding is-content-justification-left is-layout-constrained wp-container-core-group-is-layout-560c5d33 wp-block-group-is-layout-constrained\" style=\"margin-top:0px\">\n<div class=\"wp-block-buttons is-horizontal is-content-justification-right is-layout-flex wp-container-core-buttons-is-layout-cefa5855 wp-block-buttons-is-layout-flex\" style=\"margin-top:0rem\">\n<div class=\"wp-block-button has-custom-width wp-block-button__width-100 has-custom-font-size is-style-fill\" style=\"font-size:clamp(0.875rem, 0.875rem + ((1vw - 0.2rem) * 0.045), 0.9rem);font-style:normal;font-weight:600;letter-spacing:3.5px;line-height:1.5;text-transform:capitalize\"><a class=\"wp-block-button__link has-text-color has-background wp-element-button\" style=\"border-style:none;border-width:0px;border-radius:0rem;color:#025b20;background-color:#f6ae13;padding-top:0.21rem;padding-right:0.21rem;padding-bottom:0.21rem;padding-left:0.21rem\">SUITE<\/a><\/div>\n<\/div>\n<\/div>\n<\/div>\n<\/div>\n<\/div>\n<\/div>\n\n\n\n<div class=\"wp-block-column has-global-padding is-layout-constrained wp-container-core-column-is-layout-9118c6b6 wp-block-column-is-layout-constrained\" style=\"padding-top:0px;padding-bottom:0px;padding-left:0rem\">\n<div class=\"wp-block-group has-text-color has-background is-vertical is-content-justification-center is-layout-flex wp-container-core-group-is-layout-e18aa4d6 wp-block-group-is-layout-flex\" style=\"color:#fffffd;background-color:#fffffd;padding-top:0px;padding-right:0px;padding-bottom:0px;padding-left:0px\">\n<figure class=\"wp-block-image size-full is-resized\"><img loading=\"lazy\" decoding=\"async\" width=\"689\" height=\"919\" src=\"https:\/\/la-halle-des-iris.cnita.fr\/wp-content\/uploads\/2025\/04\/0.jpg\" alt=\"\" class=\"wp-image-30\" style=\"width:276px;height:auto\" srcset=\"https:\/\/la-halle-des-iris.cnita.fr\/wp-content\/uploads\/2025\/04\/0.jpg 689w, https:\/\/la-halle-des-iris.cnita.fr\/wp-content\/uploads\/2025\/04\/0-225x300.jpg 225w\" sizes=\"auto, (max-width: 689px) 100vw, 689px\" \/><\/figure>\n\n\n\n<div class=\"wp-block-group has-global-padding is-layout-constrained wp-container-core-group-is-layout-65d5fd96 wp-block-group-is-layout-constrained\" style=\"padding-top:2.01rem;padding-right:2.01rem;padding-bottom:2.51rem;padding-left:2.01rem\">\n<h3 class=\"wp-block-heading has-text-color\" style=\"color:#393939;font-size:clamp(0.984rem, 0.984rem + ((1vw - 0.2rem) * 0.938), 1.5rem);font-style:normal;font-weight:500\">L&rsquo;activit\u00e9 programm\u00e9e<\/h3>\n\n\n\n<p class=\"has-text-color has-link-color has-small-font-size wp-elements-63e08d5034e04b23081b207ccebc8f7e\" style=\"color:#262525\">Plusieurs activit\u00e9s sont propos\u00e9es tout au long de la saison : balade botanique, ateliers de kokedama et de cuisine lactoferment\u00e9e, visite de lieux inspirants, rencontre avec des jardiniers cr\u00e9ateurs,  participation aux \u00e9v\u00e9nements du quartier avec un stand de l&rsquo;association, etc. Laissez vos coordonn\u00e9es sur la boite contact pour \u00eatre inform\u00e9.e.<\/p>\n\n\n\n<div class=\"wp-block-group is-vertical is-content-justification-stretch is-layout-flex wp-container-core-group-is-layout-08c12fc4 wp-block-group-is-layout-flex\" style=\"margin-top:1.51rem;padding-right:0px;padding-left:0px\">\n<div class=\"wp-block-group has-global-padding is-content-justification-left is-layout-constrained wp-container-core-group-is-layout-560c5d33 wp-block-group-is-layout-constrained\" style=\"margin-top:0px\">\n<div class=\"wp-block-buttons is-horizontal is-content-justification-right is-layout-flex wp-container-core-buttons-is-layout-cefa5855 wp-block-buttons-is-layout-flex\" style=\"margin-top:0rem\">\n<div class=\"wp-block-button has-custom-width wp-block-button__width-100 has-custom-font-size is-style-fill\" style=\"font-size:clamp(0.875rem, 0.875rem + ((1vw - 0.2rem) * 0.045), 0.9rem);font-style:normal;font-weight:600;letter-spacing:3.5px;line-height:1.5;text-transform:capitalize\"><a class=\"wp-block-button__link has-text-color has-background wp-element-button\" style=\"border-style:none;border-width:0px;border-radius:0rem;color:#025b20;background-color:#f6ae13;padding-top:0.21rem;padding-right:0.21rem;padding-bottom:0.21rem;padding-left:0.21rem\">SUITE<\/a><\/div>\n<\/div>\n<\/div>\n<\/div>\n<\/div>\n<\/div>\n<\/div>\n\n\n\n<div class=\"wp-block-column has-global-padding is-layout-constrained wp-container-core-column-is-layout-9118c6b6 wp-block-column-is-layout-constrained\" style=\"padding-top:0px;padding-bottom:0px;padding-left:0rem\">\n<div class=\"wp-block-group has-text-color has-background is-vertical is-content-justification-center is-layout-flex wp-container-core-group-is-layout-e18aa4d6 wp-block-group-is-layout-flex\" style=\"color:#fffffd;background-color:#fffffd;padding-top:0px;padding-right:0px;padding-bottom:0px;padding-left:0px\">\n<figure class=\"wp-block-image size-full is-resized\"><img loading=\"lazy\" decoding=\"async\" width=\"1225\" height=\"919\" src=\"https:\/\/la-halle-des-iris.cnita.fr\/wp-content\/uploads\/2025\/04\/0-1.jpg\" alt=\"\" class=\"wp-image-31\" style=\"width:276px\" srcset=\"https:\/\/la-halle-des-iris.cnita.fr\/wp-content\/uploads\/2025\/04\/0-1.jpg 1225w, https:\/\/la-halle-des-iris.cnita.fr\/wp-content\/uploads\/2025\/04\/0-1-300x225.jpg 300w, https:\/\/la-halle-des-iris.cnita.fr\/wp-content\/uploads\/2025\/04\/0-1-1024x768.jpg 1024w, https:\/\/la-halle-des-iris.cnita.fr\/wp-content\/uploads\/2025\/04\/0-1-768x576.jpg 768w\" sizes=\"auto, (max-width: 1225px) 100vw, 1225px\" \/><\/figure>\n\n\n\n<div class=\"wp-block-group has-global-padding is-layout-constrained wp-container-core-group-is-layout-65d5fd96 wp-block-group-is-layout-constrained\" style=\"padding-top:2.01rem;padding-right:2.01rem;padding-bottom:2.51rem;padding-left:2.01rem\">\n<h3 class=\"wp-block-heading has-text-color\" style=\"color:#393939;font-size:clamp(1.044rem, 1.044rem + ((1vw - 0.2rem) * 1.029), 1.61rem);font-style:normal;font-weight:500\">Bienvenue aux autres associations !<\/h3>\n\n\n\n<p class=\"has-text-color\" style=\"color:#252525;margin-top:1.01rem;font-size:clamp(0.875rem, 0.875rem + ((1vw - 0.2rem) * 0.045), 0.9rem);font-style:normal;font-weight:500\">La Halle Iris est un \u00e9quipement municipal mis \u00e0 disposition de l&rsquo;association La Halle des Iris \u00e0 titre gratuit. Elle en assure la gestion citoyenne aupr\u00e8s d&rsquo;autres associations qui partagent des valeurs similaires. Retrouvez la proc\u00e9dure de pr\u00eat<strong> ici<\/strong><\/p>\n\n\n\n<div class=\"wp-block-group is-vertical is-content-justification-stretch is-layout-flex wp-container-core-group-is-layout-08c12fc4 wp-block-group-is-layout-flex\" style=\"margin-top:1.51rem;padding-right:0px;padding-left:0px\">\n<div class=\"wp-block-group has-global-padding is-content-justification-left is-layout-constrained wp-container-core-group-is-layout-560c5d33 wp-block-group-is-layout-constrained\" style=\"margin-top:0px\">\n<div class=\"wp-block-buttons is-horizontal is-content-justification-right is-layout-flex wp-container-core-buttons-is-layout-cefa5855 wp-block-buttons-is-layout-flex\" style=\"margin-top:0rem\">\n<div class=\"wp-block-button has-custom-width wp-block-button__width-100 has-custom-font-size is-style-fill\" style=\"font-size:clamp(0.875rem, 0.875rem + ((1vw - 0.2rem) * 0.045), 0.9rem);font-style:normal;font-weight:600;letter-spacing:3.5px;line-height:1.5;text-transform:capitalize\"><a class=\"wp-block-button__link has-custom-f-6-ae-13-background-color has-text-color has-background wp-element-button\" style=\"border-style:none;border-width:0px;border-radius:0rem;color:#025b20;padding-top:0.21rem;padding-right:0.21rem;padding-bottom:0.21rem;padding-left:0.21rem\">SUITE<\/a><\/div>\n<\/div>\n<\/div>\n<\/div>\n<\/div>\n<\/div>\n<\/div>\n<\/div>\n<\/div>\n<\/section>\n\n\n\n<p class=\"has-text-color has-link-color wp-elements-26cacd73c6cf5641869b61a01459f426\" style=\"color:#096d2c\"><\/p>\n\n\n\n<p><\/p>\n","protected":false},"excerpt":{"rendered":"<p>Nos activit\u00e9s Chaque mardi, les b\u00e9n\u00e9voles r\u00e9guliers de l&rsquo;association se r\u00e9unissent pour \u00e9changer sur le programme et organiser les actions. Rejoignez-nous ! Un jardin d&rsquo;aromatiques Un jardin de 100 m2 a \u00e9t\u00e9 am\u00e9nag\u00e9 dans l&rsquo;ancien solarium de la piscine Iris. Il est cultiv\u00e9 par les membres de l&rsquo;association qui ouvre l&rsquo;activit\u00e9 aux volontaires. La production [&hellip;]<\/p>\n","protected":false},"author":1,"featured_media":0,"parent":0,"menu_order":0,"comment_status":"closed","ping_status":"closed","template":"","meta":{"footnotes":""},"class_list":["post-17","page","type-page","status-publish","hentry"],"_links":{"self":[{"href":"https:\/\/la-halle-des-iris.cnita.fr\/index.php?rest_route=\/wp\/v2\/pages\/17","targetHints":{"allow":["GET"]}}],"collection":[{"href":"https:\/\/la-halle-des-iris.cnita.fr\/index.php?rest_route=\/wp\/v2\/pages"}],"about":[{"href":"https:\/\/la-halle-des-iris.cnita.fr\/index.php?rest_route=\/wp\/v2\/types\/page"}],"author":[{"embeddable":true,"href":"https:\/\/la-halle-des-iris.cnita.fr\/index.php?rest_route=\/wp\/v2\/users\/1"}],"replies":[{"embeddable":true,"href":"https:\/\/la-halle-des-iris.cnita.fr\/index.php?rest_route=%2Fwp%2Fv2%2Fcomments&post=17"}],"version-history":[{"count":8,"href":"https:\/\/la-halle-des-iris.cnita.fr\/index.php?rest_route=\/wp\/v2\/pages\/17\/revisions"}],"predecessor-version":[{"id":64,"href":"https:\/\/la-halle-des-iris.cnita.fr\/index.php?rest_route=\/wp\/v2\/pages\/17\/revisions\/64"}],"wp:attachment":[{"href":"https:\/\/la-halle-des-iris.cnita.fr\/index.php?rest_route=%2Fwp%2Fv2%2Fmedia&parent=17"}],"curies":[{"name":"wp","href":"https:\/\/api.w.org\/{rel}","templated":true}]}}